{"id":5602,"date":"2021-03-04T10:48:03","date_gmt":"2021-03-04T10:48:03","guid":{"rendered":"https:\/\/hormibal.cl\/sitio\/?post_type=product&#038;p=5602"},"modified":"2021-07-29T17:24:43","modified_gmt":"2021-07-29T17:24:43","slug":"adocreto-adoquin","status":"publish","type":"product","link":"https:\/\/hormibal.cl\/sitio\/product\/adocreto-adoquin\/","title":{"rendered":"Adocreto (adoquin)"},"content":{"rendered":"<figure class=\"wp-block-table is-style-stripes\">\n<table>\n<thead>\n<tr>\n<th>DESCRIPCI\u00d3N (CM)<\/th>\n<th>GRADO RESISTENCIA HORMIGON (kg\/cm2)<\/th>\n<th>TIPO DE ACERO<\/th>\n<th>PESO TOTAL (kg)<\/th>\n<\/tr>\n<\/thead>\n<tbody>\n<tr>\n<td>PILAR PANDERETA 3400x140x140<\/td>\n<td>300<\/td>\n<td>A63-42H<\/td>\n<td>166<\/td>\n<\/tr>\n<tr>\n<td>PLACA PANDERETA 2000x500x40<\/td>\n<td>300<\/td>\n<td>AT56-50H<\/td>\n<td>99<\/td>\n<\/tr>\n<tr>\n<td>BARDA PANDERETA 140x80x1900<\/td>\n<td>300<\/td>\n<td>A44-28H<\/td>\n<td>42<\/td>\n<\/tr>\n<\/tbody>\n<\/table>\n<\/figure>\n","protected":false},"excerpt":{"rendered":"<p>NORMATIVA: C\u00d3DIGO DE NORMAS Y ESPECIFICACIONES T\u00c9CNICAS DE OBRAS DE PAVIMENTACI\u00d3N &#8211; HORMIBAL<br \/>\nESTE PRODUCTO TIENE CERTIFICACI\u00d3N DE CALIDAD, OTORGADO POR CESMEC BAJO SU MODELO ISO\/CASCO 5, DENOMINADO ENSAYO TIPO<\/p>\n","protected":false},"featured_media":5606,"comment_status":"open","ping_status":"closed","template":"","meta":{"nf_dc_page":""},"product_brand":[],"product_cat":[187,186,66],"product_tag":[190,189],"class_list":{"0":"post-5602","1":"product","2":"type-product","3":"status-publish","4":"has-post-thumbnail","6":"product_cat-estandar-paisajismo","7":"product_cat-paisajismo","8":"product_cat-paisajismo-hormibal","9":"product_tag-adocreto-adoquin","10":"product_tag-paisajismo","13":"instock","14":"shipping-taxable","15":"product-type-simple"},"_links":{"self":[{"href":"https:\/\/hormibal.cl\/sitio\/wp-json\/wp\/v2\/product\/5602","targetHints":{"allow":["GET"]}}],"collection":[{"href":"https:\/\/hormibal.cl\/sitio\/wp-json\/wp\/v2\/product"}],"about":[{"href":"https:\/\/hormibal.cl\/sitio\/wp-json\/wp\/v2\/types\/product"}],"replies":[{"embeddable":true,"href":"https:\/\/hormibal.cl\/sitio\/wp-json\/wp\/v2\/comments?post=5602"}],"wp:featuredmedia":[{"embeddable":true,"href":"https:\/\/hormibal.cl\/sitio\/wp-json\/wp\/v2\/media\/5606"}],"wp:attachment":[{"href":"https:\/\/hormibal.cl\/sitio\/wp-json\/wp\/v2\/media?parent=5602"}],"wp:term":[{"taxonomy":"product_brand","embeddable":true,"href":"https:\/\/hormibal.cl\/sitio\/wp-json\/wp\/v2\/product_brand?post=5602"},{"taxonomy":"product_cat","embeddable":true,"href":"https:\/\/hormibal.cl\/sitio\/wp-json\/wp\/v2\/product_cat?post=5602"},{"taxonomy":"product_tag","embeddable":true,"href":"https:\/\/hormibal.cl\/sitio\/wp-json\/wp\/v2\/product_tag?post=5602"}],"curies":[{"name":"wp","href":"https:\/\/api.w.org\/{rel}","templated":true}]}}